e of v**3/3 - 4*v**2 + 3*v + 2. Determine y(t).
-9
Let h(c) = -2*c**2 + 23*c + 19. Let r be ((-32)/14)/(52/(-273)). Calculate h(r).
7
Let p(t) be the second derivative of -t**6/120 + t**5/20 + t**4/8 - t**3/2 - 30*t**2 + 72*t. Let v(u) be the first derivative of p(u). What is v(3)?
6
Let k(w) = -2*w - 1. Let n(v) = -v**3 - 17*v**2 - 20*v - 78. Let m be n(-16). Let c be (-49 + 77)*(-4)/m. What is k(c)?
-17
Let t(x) = -183916 + 184112 + 16*x + 8*x. Determine t(-8).
4
Let z(j) = 47*j**3 + 9*j + 14*j**2 - 2 - 46*j**3 - 43*j. What is z(-16)?
30
Suppose 8 = -3*a + 5*a. Let z(v) = 3*v**3 - 4*v**2 + 19*v + 44. Let p(j) = -2*j**3 + 3*j**2 - 12*j - 28. Let i(r) = 8*p(r) + 5*z(r). Give i(a).
-8
Let n(j) be the third derivative of -j**5/60 - j**4/24 + 5*j**3/6 + 4*j**2. Suppose 5*p + 25 = 0, p = o - 2*o - 5. Suppose -u + 10 - 10 = o. Give n(u).
5
Let w be (-6 - -6) + 9/3*1. Suppose -4*a + 3*a - 4 = 2*u, 0 = -w*a + 3*u - 57. Let p(g) = g + 5. What is p(a)?
-9
Let p(m) = -m**3 - 16*m**2 - 15*m - 4. Let b be (-1)/(((-364)/(-195))/28). Calculate p(b).
-4
Let v(d) = d**3 - 4*d**2 - 6*d + 10. Let m be v(5). Let h(i) = 36 - 13*i - m - 24 - i**2. Give h(-13).
7
Suppose 3*f + 341 = -5*h, -2*f + h - 424 = 2*f. Let d = f - -123. Let c(n) = -2*n - 6*n + 8*n + d*n. Give c(-1).
-16
Let z(v) = 3*v. Let d(x) = 19*x + 39. Let y(o) = d(o) - 6*z(o). Give y(-22).
17
Let u(k) = 6*k**2 - 3. Let f(l) = -5*l**2 + l + 3. Let s(r) = -5*f(r) - 4*u(r). Let c = 200 - 218. Let w be (-2756)/(-477) - (-1 + (-14)/c). Determine s(w).
3
Suppose 33*g = 32*g + 15. Suppose 13 - g = -j. Let i(o) = 2 + 2 + 33*o**2 - 6*o - 32*o**j. What is i(3)?
-5
Let u(b) be the first derivative of b**6/120 - 7*b**5/30 - 2*b**4/3 + 17*b**3/6 + 83*b**2/2 - 113. Let t(y) be the second derivative of u(y). What is t(15)?
2
Let w(u) be the second derivative of 1/12*u**4 - 3*u**2 + 11 - u**3 + 2*u. What is w(6)?
-6
Let v(l) = -3*l**2 + 103*l + 306. Let k be v(37). Let o(f) = -f**2 + 12*f - 27. What is o(k)?
-7
Suppose 6 = 2*a - g, -5*g = -4*a + 15 - 9. Let d(z) = z**3 - 4*z**2 - 2*z + 9. Calculate d(a).
1
Let a(i) = 44*i**2 - 6*i + 5. Let l be a(1). Let y = l - 51. Let s(t) = -3 - t + t - t. Give s(y).
5
Let i(f) be the third derivative of -f**6/120 - f**5/60 + f**4/2 + 19*f**3/6 - 3*f**2 - f. Give i(-2).
-1
Let u(n) = 9*n**3 - 9*n**2 - 8*n + 17. Let d be u(2). Let j(f) = f**3 - 36*f**2 - 38*f - 28. What is j(d)?
-65
Let d(f) = f**2 - 1. Let v(c) = -7*c**2 + 4*c - 3. Let j(w) = -6*d(w) - v(w). Let i be j(4). Suppose 2*l + 21 = i*l. Let b(o) = o**2 - 5*o. Calculate b(l).
-6
Let z(m) = 23703*m + m**2 + 13 - 47418*m + 23709*m. Determine z(7).
20
Let k be (-21)/((-4 - -3) + 0) - (-87)/(-29). Let w(h) = 8*h - 141. Give w(k).
3
Suppose -4*j - 7*k + 3*k - 16 = 0, -3*k - 6 = 0. Let t(p) = -11*p**2 + 21*p - 9. Let c(z) = 5*z**2 - 10*z + 4. Let h(v) = -13*c(v) - 6*t(v). Calculate h(j).
-2
Let u(j) be the third derivative of -j**5/60 - 3*j**4/8 + 11*j**3/6 - j**2. Let m(y) = -1464*y + 54158. Let g be m(37). Calculate u(g).
1
Let u(o) = -64*o + 15. Let k(x) = -289*x + 61. Let i(j) = 2*k(j) - 9*u(j). What is i(-10)?
7
Let c be (7*2/14)/((-3)/(-24)). Let p(o) = 30*o**2 + c*o - 38*o**2 - o**3 - 15 + 7. Calculate p(-9).
1
Let w(p) = p - 3. Let n be w(3). Suppose -4*x + 2*d = 2, 0 = -4*x + 15*d - 18*d + 23. Let y(l) = 5*l**2 + l + 3*l**2 - 12*l**x - l**2 - 1 + 6*l**2. Give y(n).
-1
Let g = 9665 + -9681. Let u(r) = -r**2 - 14*r + 25. What is u(g)?
-7
Suppose 6 = 3*s, s = -5*f - 0*s - 13. Let v be 2*(-3 - (-13)/4)*14. Let z(l) = 1 - v*l + 19*l - 9*l. What is z(f)?
-8
Suppose 0 = 6*d - 24*d - 1080. Let z be ((-45)/d)/((-6)/(-8)). Let h(s) = 7*s**3 + s**2 - s. Determine h(z).
7
Let i(m) = 3*m + 7. Suppose -88*b + 192 = -84*b. Suppose 46*s + 18 = b*s. Give i(s).
34
Let i(n) be the first derivative of 1/2*n**2 + 0*n**3 - 3/4*n**4 + 6 + n. Give i(-1).
3
Let b(o) = 43*o + 130. Let f(c) = 1863*c - 3. Let d be f(0). Calculate b(d).
1
Let x(n) be the second derivative of n**4/12 - 4*n**3/3 - 3*n**2/2 - 108*n. Give x(9).
6
Let m(d) be the third derivative of -d**5/60 + 11*d**4/12 - 41*d**3/2 - 1283*d**2. What is m(11)?
-2
Let x(n) = 63*n - 838. Let i(q) = 11*q - 168. Let j(z) = -11*i(z) + 2*x(z). Calculate j(-34).
2
Let h(k) = k**3 + 5*k**2 - 5*k - 7. Suppose 165*t - 164*t - 4 = 0. Suppose 0 = t*c + 106 - 82. Calculate h(c).
-13
Let d(b) = -5*b**2 - 22*b - 51. Let m(i) = -8*i**2 - 18*i - 53. Let u(z) = 3*d(z) - 2*m(z). What is u(32)?
17
Let v(t) = -t**3 - t**2 - 8. Suppose -g - 3*k + 61 = 0, -188 = 185*g - 189*g + 2*k. Suppose 45 = n - 0*n. Suppose -g*s = -n*s. Determine v(s).
-8
Let c(m) = -3*m**3 - 3*m**2 - m. Let o be c(-2). Let z be ((-2)/(-4))/(7/o)*4. Let b(p) = 3*p. Calculate b(z).
12
Let t(h) be the second derivative of 0 - 1/12*h**4 + 3*h - 1/3*h**3 + 0*h**2. What is t(-2)?
0
Let d(r) = -2220 - 2200 + 4410 + r. Let f be (-6)/(-4)*(-44)/(-6). What is d(f)?
1
Let a(b) be the first derivative of b**4/4 - 11*b**3/3 - 7*b**2/2 - 48*b + 2954. Give a(12).
12
Let m(h) = h + 9. Let d(y) = 130*y + 7019. Let a be d(-54). Determine m(a).
8
Let w(d) = 130*d - 396*d + 136*d + 129*d. Suppose -20 - 31 = 3*u + 3*r, 0 = -u + 2*r - 8. Let a = 12 + u. Determine w(a).
2
Let x be (34/2 - -11)/(1*2). Let j(m) = 4*m - 63. Calculate j(x).
-7
Suppose -4 = -4*v + 4. Let r(m) = 2*m**2 + v*m**2 - m + 5 - 3 - m**3 - 10*m**2. Let w = -1605 + 1600. Determine r(w).
-18
Let c(d) = 3*d**3 + 6*d**2 - 4*d - 7. Let b be c(4). Let x = b + -264. Let p(v) = 3*v**3 + 2*v - 1. Give p(x).
4
Suppose -20*u + 18*u = 5*d + 302, -5*u - d - 755 = 0. Let f = u - -154. Let v(h) be the third derivative of h**4/8 - 2*h**3/3 - h**2. Calculate v(f).
5
Let w(z) be the second derivative of z - 1/3*z**3 + 43/2*z**2 + 1/60*z**5 + 21 + 0*z**4. Let o(l) be the first derivative of w(l). Give o(4).
14
Let q = -25356 - -25358. Let j(b) be the third derivative of 0*b + b**2 + 1/6*b**4 + 0*b**3 + 0. Calculate j(q).
8
Let h(y) = -14*y + 59. Let f be h(4). Suppose -f*w + j = -3*j - 20, 0 = 5*w + 4*j - 12. Let r(n) = 6*n + 2. Give r(w).
26
Let l(v) = 35*v - 40. Let d(o) = 22*o - 21. Let h(i) = -7*d(i) + 4*l(i). Give h(-2).
15
Let m(z) = z**3 + 6*z**2 + 4*z + 2. Let d be m(-5). Let l = -305 - -308. Let y(x) = -7 + 152*x - 80*x - x**l + 8*x**2 - 79*x. Give y(d).
-7
Let o(c) be the first derivative of -53*c**2/2 - 60*c + 3489. What is o(-1)?
-7
Let z(u) = -6*u**3 - u**2 + u + 1. Let q(v) = 5*v + 11*v**3 + 5 - 12*v**3 - 3*v**2 - v**3 + 3. Let o be q(-3). Suppose -g = o - 19. Give z(g).
5
Let v = 780 - 771. Suppose -7*n - 36 = -v*n - 5*g, 5*n - 56 = -4*g. Let y(k) = k**2 - 10*k + 7. Calculate y(n).
-9
Let k(q) = 2*q**3 - 16*q**2 + 12*q - 9. Let u be k(7). Let o = 25 + u. Suppose -o*i - 2*c - 2 + 4 = 0, -i - 3*c - 1 = 0. Let b(f) = -7*f + 2. Determine b(i).
-12
Let y = -2940 - -2944. Let j(q) = 5*q - 5. Let t(i) = -9*i + 11. Let w(h) = 9*j(h) + 4*t(h). Let d(s) = s. Let x(c) = y*d(c) - w(c). What is x(1)?
-4
Let r(w) = -w + 16. Let m(p) = -9*p + 81. Let q(h) = m(h) - 6*r(h). What is q(-5)?
0
Let n be 1/(-1) + 13 + 2. Let l(r) = n*r - 14*r**2 - 6*r - 6*r - 1. Let h(x) = -x**2 - 22*x - 120. Let c be h(-11). What is l(c)?
-13
Let m(c) = 5*c**2 - 4*c**2 - c - 3*c - 7. Let h be 2/(-12)*0 + 64. Let o be h/30 + 36/(-270) - -4. Calculate m(o).
5
Let d be (-3)/(-15) - 96/(-20). Suppose -1 - d = 3*v. Let x(n) be the second derivative of n**3/3 - n**2 + 4*n - 3. Calculate x(v).
-6
Let u(q) = -39*q - 23. Suppose -5691*o = -5702*o - 22. Determine u(o).
55
Let f(m) be the second derivative of -m**5/4 - m**4/12 - m**3/6 - 3*m**2 - 61*m. Let y(s) be the first derivative of f(s). What is y(-1)?
-14
Let z(c) = 5*c**2 - 4*c - 10. Let k be -6 + (-3 - -7) - 2. Give z(k).
86
Let m = 39 + -27. Suppose -228 - 422 = -26*l. Suppose 4*i - m = 2*w, -i - 3*w + l = 2*w. Let a(k) = k**3 - 5*k**2 + 2*k - 3. Calculate a(i).
7
Let r(i) = -4*i + 9. Let v(a) = -7*a + 18. Let x(q) = 5*r(q) - 3*v(q). Let s = 850 + -839. Give x(s).
2
Let i(k) be the second derivative of -k**6/240 - k**5/120 + k**4/12 + 4*k**2 - 3*k + 14. Let v(a) be the third derivative of i(a). Calculate v(1).
-4
Let c(h) = -h**3 + h**2 - h - 2. Let a be (3/2)/(1/2). Let g be 3 + a + (-1 - 4). Suppose d = g + 1. Calculate c(d).
-8
Let x(f) = -f**3 + 2*f + 64. Let o = 40433 + 